{"id":58,"date":"2026-02-16T22:38:42","date_gmt":"2026-02-16T21:38:42","guid":{"rendered":"http:\/\/serwer321664.lh.pl\/autoinstalator\/serwer321664.lh.pl\/wordpress148439\/?page_id=58"},"modified":"2026-03-09T21:29:15","modified_gmt":"2026-03-09T20:29:15","slug":"__trashed-6","status":"publish","type":"page","link":"https:\/\/alterny.org.pl\/index.php\/__trashed-6\/","title":{"rendered":"Kim Jeste\u015bmy i o co chodzi&#8230;"},"content":{"rendered":"\n<p class=\"has-vivid-purple-color has-text-color has-link-color has-medium-font-size wp-elements-859b1d4cf554c6ef5f0eb28aa6b0fe36\" style=\"font-style:normal;font-weight:100\">Celem fundacji jest stworzenie ALTERNAtywy dla wp\u0142yw\u00f3w \u015brodowisk faszyzuj\u0105cych, nawo\u0142uj\u0105cych do nienawi\u015bci, m.in. propaguj\u0105cych rasizm. Organizujemy debaty, fora wymiany my\u015bli, dialogu i wsp\u00f3\u0142pracy. Chcemy monitorowa\u0107 niebezpieczne zjawiska spo\u0142eczne, takie jak stereotypizacja, wytwarzanie uprzedze\u0144 i manipulacja. Zamierzamy to czyni\u0107 przede wszystkim poprzez dociekanie przyczyn\u00a0 pojawiania si\u0119 tych praktyk, kt\u00f3rych efektem jest manipulowanie poszczeg\u00f3lnymi osobami i ca\u0142ymi \u015brodowiskami.\u00a0 Mamy nadziej\u0119 budzi\u0107 refleksj\u0119 spo\u0142eczn\u0105 i \u015bwiadomo\u015b\u0107 polityczn\u0105, przede wszystkim m\u0142odych, Polek i Polak\u00f3w. <\/p>\n\n\n\n<p class=\"has-vivid-purple-color has-text-color has-link-color has-medium-font-size wp-elements-73191f5cd68ecf94b129d7ddddd5935e\" style=\"font-style:normal;font-weight:100\">I jeszcze o nas&#8230;<\/p>\n\n\n\n<p><\/p>\n\n\n\n<div class=\"wp-block-columns is-layout-flex wp-container-core-columns-is-layout-9d6595d7 wp-block-columns-is-layout-flex\">\n<div class=\"wp-block-column is-layout-flow wp-block-column-is-layout-flow\" style=\"flex-basis:100%\">\n<div class=\"wp-block-columns is-layout-flex wp-container-core-columns-is-layout-9d6595d7 wp-block-columns-is-layout-flex\">\n<div class=\"wp-block-column is-layout-flow wp-block-column-is-layout-flow\">\n<div class=\"wp-block-cover has-custom-content-position is-position-bottom-right\" style=\"min-height:501px;aspect-ratio:unset;\"><img loading=\"lazy\" decoding=\"async\" width=\"768\" height=\"1024\" class=\"wp-block-cover__image-background wp-image-75\" alt=\"\" src=\"http:\/\/https:\/\/alterny.org.pl\/wp-content\/uploads\/2026\/02\/b580d811-f394-46a5-82c7-572ab06b6d9d-768x1024.jpg\" data-object-fit=\"cover\" srcset=\"https:\/\/alterny.org.pl\/wp-content\/uploads\/2026\/02\/b580d811-f394-46a5-82c7-572ab06b6d9d-768x1024.jpg 768w, https:\/\/alterny.org.pl\/wp-content\/uploads\/2026\/02\/b580d811-f394-46a5-82c7-572ab06b6d9d-225x300.jpg 225w, https:\/\/alterny.org.pl\/wp-content\/uploads\/2026\/02\/b580d811-f394-46a5-82c7-572ab06b6d9d-1152x1536.jpg 1152w, https:\/\/alterny.org.pl\/wp-content\/uploads\/2026\/02\/b580d811-f394-46a5-82c7-572ab06b6d9d.jpg 1504w\" sizes=\"auto, (max-width: 768px) 100vw, 768px\" \/><span aria-hidden=\"true\" class=\"wp-block-cover__background has-background-dim\"><\/span><div class=\"wp-block-cover__inner-container is-layout-flow wp-block-cover-is-layout-flow\">\n<p class=\"has-text-align-center\" style=\"font-size:25px\"><\/p>\n<\/div><\/div>\n<\/div>\n\n\n\n<div class=\"wp-block-column is-layout-flow wp-block-column-is-layout-flow\">\n<p class=\"has-vivid-purple-color has-text-color has-link-color has-medium-font-size wp-elements-257c068e6e5f2ffaa096c94f1cd8ec48\" style=\"font-style:normal;font-weight:100\">Profesora Ewa Graczyk<\/p>\n\n\n\n<p class=\"has-vivid-purple-color has-text-color has-link-color has-medium-font-size wp-elements-65f271d36f6f200290c17949c3be6cdf\" style=\"font-style:normal;font-weight:100\">Literaturoznawczyni feministyczna i dzia\u0142aczka spo\u0142eczna. Pracowa\u0142a na Uniwersytecie Gda\u0144skim.<br>Autorka ksi\u0105\u017cek: \u0106ma. O Stanis\u0142awie Przybyszewskiej (1994), O Gombrowiczu, Kunderze, Grassie i innych wa\u017cnych sprawach. Eseje (1994), Przed wybuchem wstrz\u0105sn\u0105\u0107. O tw\u00f3rczo\u015bci Gombrowicza w okresie mi\u0119dzywojennym (2004, ksi\u0105\u017cka nominowana do nagrody NIKE) oraz Od \u017bmichowskiej do Mas\u0142owskiej. O pisarstwie w nadwi\u015bla\u0144skim kraju (2013). Wsp\u00f3\u0142redaktorka kilku monografii zbiorowych, mi\u0119dzy innymi tomu \u201eSiostry i ich Kopciuszek\u201d (Gdynia 2002) oraz \u201eBia\u0142e maski\/szare twarze. Performatywno\u015b\u0107 w perspektywie postzale\u017cno\u015bciowej\u201d (Krak\u00f3w 2015). Dzia\u0142aczka tr\u00f3jmiejskich grup kobiecych, cz\u0142onkinii Tolerado Stowarzyszenie na rzecz os\u00f3b LGBT, niegdy\u015b wsp\u00f3\u0142organizatorka tr\u00f3jmiejskich MANIF.<\/p>\n\n\n\n<p><\/p>\n<\/div>\n<\/div>\n<\/div>\n<\/div>\n\n\n\n<div class=\"wp-block-group\"><div class=\"wp-block-group__inner-container is-layout-constrained wp-block-group-is-layout-constrained\">\n<div class=\"wp-block-columns are-vertically-aligned-top is-layout-flex wp-container-core-columns-is-layout-9d6595d7 wp-block-columns-is-layout-flex\">\n<div class=\"wp-block-column is-vertically-aligned-top is-layout-flow wp-block-column-is-layout-flow\" style=\"flex-basis:100%\">\n<div class=\"wp-block-group\"><div class=\"wp-block-group__inner-container is-layout-constrained wp-block-group-is-layout-constrained\">\n<div class=\"wp-block-columns is-layout-flex wp-container-core-columns-is-layout-9d6595d7 wp-block-columns-is-layout-flex\">\n<div class=\"wp-block-column has-vivid-purple-color has-white-background-color has-text-color has-background has-link-color wp-elements-0dbe99d5727aa68a1cd72980f4e209cd is-layout-flow wp-block-column-is-layout-flow\" style=\"flex-basis:100%\">\n<div class=\"wp-block-cover alignleft has-custom-content-position is-position-bottom-right\" style=\"min-height:339px;aspect-ratio:unset;\"><img loading=\"lazy\" decoding=\"async\" width=\"768\" height=\"1024\" class=\"wp-block-cover__image-background wp-image-74\" alt=\"\" src=\"http:\/\/https:\/\/alterny.org.pl\/wp-content\/uploads\/2026\/02\/5b9a6d59-1bbe-4281-b059-07fc7d302443-768x1024.jpg\" style=\"object-position:51% 52%\" data-object-fit=\"cover\" data-object-position=\"51% 52%\" srcset=\"https:\/\/alterny.org.pl\/wp-content\/uploads\/2026\/02\/5b9a6d59-1bbe-4281-b059-07fc7d302443-768x1024.jpg 768w, https:\/\/alterny.org.pl\/wp-content\/uploads\/2026\/02\/5b9a6d59-1bbe-4281-b059-07fc7d302443-225x300.jpg 225w, https:\/\/alterny.org.pl\/wp-content\/uploads\/2026\/02\/5b9a6d59-1bbe-4281-b059-07fc7d302443-1152x1536.jpg 1152w, https:\/\/alterny.org.pl\/wp-content\/uploads\/2026\/02\/5b9a6d59-1bbe-4281-b059-07fc7d302443-1536x2048.jpg 1536w, https:\/\/alterny.org.pl\/wp-content\/uploads\/2026\/02\/5b9a6d59-1bbe-4281-b059-07fc7d302443.jpg 1836w\" sizes=\"auto, (max-width: 768px) 100vw, 768px\" \/><span aria-hidden=\"true\" class=\"wp-block-cover__background has-background-dim\"><\/span><div class=\"wp-block-cover__inner-container is-layout-flow wp-block-cover-is-layout-flow\">\n<p class=\"has-text-align-center\" style=\"font-size:25px\"><\/p>\n<\/div><\/div>\n\n\n\n<p class=\"has-text-align-left has-vivid-purple-color has-text-color has-link-color has-medium-font-size wp-elements-05896794d1d7e93cd3e28d453fd9c6dd\" style=\"font-style:normal;font-weight:100\">Agnieszka Zi\u0119ba<\/p>\n\n\n\n<p class=\"has-text-align-left has-vivid-purple-color has-text-color has-link-color has-medium-font-size wp-elements-f4e98e30ede84f14ed1c11926f1b59c2\" style=\"font-style:normal;font-weight:100\">Uko\u0144czy\u0142a kulturoznawstwo i stosunki mi\u0119dzynarodowe. Dawniej zaanga\u017cowana w projekty na rzecz praw kobiet i praw cz\u0142owieka.<\/p>\n\n\n\n<p><\/p>\n<\/div>\n<\/div>\n<\/div><\/div>\n<\/div>\n<\/div>\n<\/div><\/div>\n\n\n\n<p><\/p>\n","protected":false},"excerpt":{"rendered":"<p>Celem fundacji jest stworzenie ALTERNAtywy dla wp\u0142yw\u00f3w \u015brodowisk faszyzuj\u0105cych, nawo\u0142uj\u0105cych do nienawi\u015bci, m.in. propaguj\u0105cych rasizm. Organizujemy debaty, fora wymiany my\u015bli, dialogu i wsp\u00f3\u0142pracy. Chcemy monitorowa\u0107 niebezpieczne zjawiska spo\u0142eczne, takie jak stereotypizacja, wytwarzanie uprzedze\u0144 i manipulacja. Zamierzamy to czyni\u0107 przede wszystkim poprzez dociekanie przyczyn\u00a0 pojawiania si\u0119 tych praktyk, kt\u00f3rych efektem jest manipulowanie poszczeg\u00f3lnymi osobami i ca\u0142ymi [&hellip;]<\/p>\n","protected":false},"author":1,"featured_media":0,"parent":0,"menu_order":0,"comment_status":"closed","ping_status":"closed","template":"","meta":{"footnotes":""},"class_list":["post-58","page","type-page","status-publish","czr-hentry"],"_links":{"self":[{"href":"https:\/\/alterny.org.pl\/index.php\/wp-json\/wp\/v2\/pages\/58","targetHints":{"allow":["GET"]}}],"collection":[{"href":"https:\/\/alterny.org.pl\/index.php\/wp-json\/wp\/v2\/pages"}],"about":[{"href":"https:\/\/alterny.org.pl\/index.php\/wp-json\/wp\/v2\/types\/page"}],"author":[{"embeddable":true,"href":"https:\/\/alterny.org.pl\/index.php\/wp-json\/wp\/v2\/users\/1"}],"replies":[{"embeddable":true,"href":"https:\/\/alterny.org.pl\/index.php\/wp-json\/wp\/v2\/comments?post=58"}],"version-history":[{"count":30,"href":"https:\/\/alterny.org.pl\/index.php\/wp-json\/wp\/v2\/pages\/58\/revisions"}],"predecessor-version":[{"id":213,"href":"https:\/\/alterny.org.pl\/index.php\/wp-json\/wp\/v2\/pages\/58\/revisions\/213"}],"wp:attachment":[{"href":"https:\/\/alterny.org.pl\/index.php\/wp-json\/wp\/v2\/media?parent=58"}],"curies":[{"name":"wp","href":"https:\/\/api.w.org\/{rel}","templated":true}]}}

Kim Jesteśmy i o co chodzi&#8230;

<p class="has-vivid-purple-color has-text-color has-link-color has-medium-font-size wp-elements-859b1d4cf554c6ef5f0eb28aa6b0fe36" style="font-style:normal;font-weight:100">Celem fundacji jest stworzenie ALTERNAtywy dla wpływów środowisk faszyzujących, nawołujących do nienawiści, m.in. propagujących rasizm. Organizujemy debaty, fora wymiany myśli, dialogu i współpracy. Chcemy monitorować niebezpieczne zjawiska społeczne, takie jak stereotypizacja, wytwarzanie uprzedzeń i manipulacja. Zamierzamy to czynić przede wszystkim poprzez dociekanie przyczyn  pojawiania się tych praktyk, których efektem jest manipulowanie poszczególnymi osobami i całymi środowiskami.  Mamy nadzieję budzić refleksję społeczną i świadomość polityczną, przede wszystkim młodych, Polek i Polaków. </p>



<p class="has-vivid-purple-color has-text-color has-link-color has-medium-font-size wp-elements-73191f5cd68ecf94b129d7ddddd5935e" style="font-style:normal;font-weight:100">I jeszcze o nas&#8230;</p>



<p></p>



<div class="wp-block-columns is-layout-flex wp-container-core-columns-is-layout-9d6595d7 wp-block-columns-is-layout-flex">
<div class="wp-block-column is-layout-flow wp-block-column-is-layout-flow" style="flex-basis:100%">
<div class="wp-block-columns is-layout-flex wp-container-core-columns-is-layout-9d6595d7 wp-block-columns-is-layout-flex">
<div class="wp-block-column is-layout-flow wp-block-column-is-layout-flow">
<div class="wp-block-cover has-custom-content-position is-position-bottom-right" style="min-height:501px;aspect-ratio:unset;"><img loading="lazy" decoding="async" width="768" height="1024" class="wp-block-cover__image-background wp-image-75" alt="" src="http://https://alterny.org.pl/wp-content/uploads/2026/02/b580d811-f394-46a5-82c7-572ab06b6d9d-768x1024.jpg" data-object-fit="cover" srcset="https://alterny.org.pl/wp-content/uploads/2026/02/b580d811-f394-46a5-82c7-572ab06b6d9d-768x1024.jpg 768w, https://alterny.org.pl/wp-content/uploads/2026/02/b580d811-f394-46a5-82c7-572ab06b6d9d-225x300.jpg 225w, https://alterny.org.pl/wp-content/uploads/2026/02/b580d811-f394-46a5-82c7-572ab06b6d9d-1152x1536.jpg 1152w, https://alterny.org.pl/wp-content/uploads/2026/02/b580d811-f394-46a5-82c7-572ab06b6d9d.jpg 1504w" sizes="auto, (max-width: 768px) 100vw, 768px" /><span aria-hidden="true" class="wp-block-cover__background has-background-dim"></span><div class="wp-block-cover__inner-container is-layout-flow wp-block-cover-is-layout-flow">
<p class="has-text-align-center" style="font-size:25px"></p>
</div></div>
</div>



<div class="wp-block-column is-layout-flow wp-block-column-is-layout-flow">
<p class="has-vivid-purple-color has-text-color has-link-color has-medium-font-size wp-elements-257c068e6e5f2ffaa096c94f1cd8ec48" style="font-style:normal;font-weight:100">Profesora Ewa Graczyk</p>



<p class="has-vivid-purple-color has-text-color has-link-color has-medium-font-size wp-elements-65f271d36f6f200290c17949c3be6cdf" style="font-style:normal;font-weight:100">Literaturoznawczyni feministyczna i działaczka społeczna. Pracowała na Uniwersytecie Gdańskim.<br>Autorka książek: Ćma. O Stanisławie Przybyszewskiej (1994), O Gombrowiczu, Kunderze, Grassie i innych ważnych sprawach. Eseje (1994), Przed wybuchem wstrząsnąć. O twórczości Gombrowicza w okresie międzywojennym (2004, książka nominowana do nagrody NIKE) oraz Od Żmichowskiej do Masłowskiej. O pisarstwie w nadwiślańskim kraju (2013). Współredaktorka kilku monografii zbiorowych, między innymi tomu „Siostry i ich Kopciuszek” (Gdynia 2002) oraz „Białe maski/szare twarze. Performatywność w perspektywie postzależnościowej” (Kraków 2015). Działaczka trójmiejskich grup kobiecych, członkinii Tolerado Stowarzyszenie na rzecz osób LGBT, niegdyś współorganizatorka trójmiejskich MANIF.</p>



<p></p>
</div>
</div>
</div>
</div>



<div class="wp-block-group"><div class="wp-block-group__inner-container is-layout-constrained wp-block-group-is-layout-constrained">
<div class="wp-block-columns are-vertically-aligned-top is-layout-flex wp-container-core-columns-is-layout-9d6595d7 wp-block-columns-is-layout-flex">
<div class="wp-block-column is-vertically-aligned-top is-layout-flow wp-block-column-is-layout-flow" style="flex-basis:100%">
<div class="wp-block-group"><div class="wp-block-group__inner-container is-layout-constrained wp-block-group-is-layout-constrained">
<div class="wp-block-columns is-layout-flex wp-container-core-columns-is-layout-9d6595d7 wp-block-columns-is-layout-flex">
<div class="wp-block-column has-vivid-purple-color has-white-background-color has-text-color has-background has-link-color wp-elements-0dbe99d5727aa68a1cd72980f4e209cd is-layout-flow wp-block-column-is-layout-flow" style="flex-basis:100%">
<div class="wp-block-cover alignleft has-custom-content-position is-position-bottom-right" style="min-height:339px;aspect-ratio:unset;"><img loading="lazy" decoding="async" width="768" height="1024" class="wp-block-cover__image-background wp-image-74" alt="" src="http://https://alterny.org.pl/wp-content/uploads/2026/02/5b9a6d59-1bbe-4281-b059-07fc7d302443-768x1024.jpg" style="object-position:51% 52%" data-object-fit="cover" data-object-position="51% 52%" srcset="https://alterny.org.pl/wp-content/uploads/2026/02/5b9a6d59-1bbe-4281-b059-07fc7d302443-768x1024.jpg 768w, https://alterny.org.pl/wp-content/uploads/2026/02/5b9a6d59-1bbe-4281-b059-07fc7d302443-225x300.jpg 225w, https://alterny.org.pl/wp-content/uploads/2026/02/5b9a6d59-1bbe-4281-b059-07fc7d302443-1152x1536.jpg 1152w, https://alterny.org.pl/wp-content/uploads/2026/02/5b9a6d59-1bbe-4281-b059-07fc7d302443-1536x2048.jpg 1536w, https://alterny.org.pl/wp-content/uploads/2026/02/5b9a6d59-1bbe-4281-b059-07fc7d302443.jpg 1836w" sizes="auto, (max-width: 768px) 100vw, 768px" /><span aria-hidden="true" class="wp-block-cover__background has-background-dim"></span><div class="wp-block-cover__inner-container is-layout-flow wp-block-cover-is-layout-flow">
<p class="has-text-align-center" style="font-size:25px"></p>
</div></div>



<p class="has-text-align-left has-vivid-purple-color has-text-color has-link-color has-medium-font-size wp-elements-05896794d1d7e93cd3e28d453fd9c6dd" style="font-style:normal;font-weight:100">Agnieszka Zięba</p>



<p class="has-text-align-left has-vivid-purple-color has-text-color has-link-color has-medium-font-size wp-elements-f4e98e30ede84f14ed1c11926f1b59c2" style="font-style:normal;font-weight:100">Ukończyła kulturoznawstwo i stosunki międzynarodowe. Dawniej zaangażowana w projekty na rzecz praw kobiet i praw człowieka.</p>



<p></p>
</div>
</div>
</div></div>
</div>
</div>
</div></div>



<p></p>

<p>Celem fundacji jest stworzenie ALTERNAtywy dla wpływów środowisk faszyzujących, nawołujących do nienawiści, m.in. propagujących rasizm. Organizujemy debaty, fora wymiany myśli, dialogu i współpracy. Chcemy monitorować niebezpieczne zjawiska społeczne, takie jak stereotypizacja, wytwarzanie uprzedzeń i manipulacja. Zamierzamy to czynić przede wszystkim poprzez dociekanie przyczyn  pojawiania się tych praktyk, których efektem jest manipulowanie poszczególnymi osobami i całymi [&hellip;]</p>
